te f(i).
-4
Let a(s) be the first derivative of -s**3/3 - 3*s**2 - 5*s + 3. Let u be a(-5). Suppose 5*v - 15 = -4*l, v + u*v = 5*l - 26. Let i(m) = m - 11. Determine i(l).
-6
Let l(t) be the first derivative of t**3/6 + 5*t**2/2 + t + 1. Let s(a) be the first derivative of l(a). Give s(0).
5
Let j be 0/((-12)/(-10)*(-20)/6). Let l(o) = -o**3 - o - 12. Calculate l(j).
-12
Let b(p) = -p - 1. Suppose f + 3*f - 16 = 0. Suppose -i + f*m = 14, i + 5 = -0*i + m. What is b(i)?
1
Let x be (12/12)/(0 + -1). Let g(j) = -j**2 + j. Let z(r) = -12*r**2 + 16*r. Let n(l) = -48*g(l) + 3*z(l). Determine n(x).
12
Let n(t) = -t + 5. Let p(h) = -2*h - 6. Let r be p(-5). Suppose -5*c - 7 = -r*x + 1, -3*x + 6 = -2*c. Calculate n(c).
5
Let d(j) = -j**2 + j + 4. Let r = -2 + -11. Let n(v) = -2*v**2 + 3*v + 9. Let o(q) = r*d(q) + 6*n(q). Let p = 0 + -5. Determine o(p).
2
Suppose -7*n - 3 = 39. Let i(y) = 2*y + 4. Calculate i(n).
-8
Let h(z) be the first derivative of z**2 - 6*z - 11. What is h(5)?
4
Let o(t) = -4*t**2 - 2 + 0*t + t**3 - 5*t - 2. Suppose 4*s = -4*x + 8 + 20, -2*x = 2. Let p = -3 + s. Give o(p).
-4
Let f be 282/(-54)*1 - 16/(-72). Let q(c) be the first derivative of 1 - 1/2*c**2 - 2*c. What is q(f)?
3
Let c(n) = -n**2 - 2*n - 1. Suppose 3*u + u - 5*t = 9, 2*u - 5*t - 17 = 0. Determine c(u).
-9
Suppose 5*w + 6 = -m, 4*m + 5 + 4 = -5*w. Let v be w/((5/(-2))/(-5)). Let k(n) = 3*n + 1. Let t(s) = -7*s - 2. Let h(f) = v*t(f) - 5*k(f). Determine h(0).
-1
Let v be (-1)/((-2)/10) + -3. Let h(z) = -2*z**3 - 5*z**v - z**3 - 2*z + 4 + 2*z**3. Determine h(-3).
-8
Suppose 4*d + 0*d + 3 = 5*x, -15 = -4*d - x. Let y(f) = -f + 3. Let u(j) = -j. Let k(q) = -2*u(q) + y(q). Determine k(d).
6
Let b(y) = 2*y**2 - y**2 - 2*y**2 + 2*y. Calculate b(1).
1
Let g be (-6)/(-24) - (-30)/8. Suppose o + 5*p + 1 = 2, -o = g*p. Let s(r) = 3*r**2 + r - 6. Let c(h) = h**2 - 2. Let k(i) = -17*c(i) + 6*s(i). What is k(o)?
-10
Let p = 111 + -108. Let u(a) = a**3 - 3*a**2 + 3*a - 1. Determine u(p).
8
Let h(w) be the third derivative of w**6/120 + w**5/12 - 5*w**4/24 + w**3 + 2*w**2. Let z = 7 + -13. Determine h(z).
0
Let x(j) = -j**3 + 4*j**2 + 3*j - 4. Let w be 2/9 + (-150)/(-54). Suppose t - w = 1. What is x(t)?
8
Let n(o) = -6*o + 1. Let k(b) = -18*b + 3. Let s(p) = 4*k(p) - 11*n(p). Let r(v) = v**2 - 6*v - 6. Let w be r(7). What is s(w)?
-5
Let a be (-5)/(-20) + (345/(-12))/(-5). Let i(f) be the third derivative of 0*f**5 + f**2 + 1/24*f**4 - 3/40*f**a + 0*f**3 + 0*f + 0. Give i(-1).
8
Let y be (-4)/(-6) + 2/(-3). Let u be (-2)/((-3)/(18/4)). Let o(q) = y*q**2 - 2 + 4*q**u + 3 - q**2. Determine o(1).
4
Let k(u) = 3*u - 1. Let f(p) = 2*p + 3. Let s be f(-3). Let d(t) = 4*t - 1. Let v(c) = s*k(c) + 2*d(c). Let w(i) = -i**2 - 3*i. Let l be w(-4). What is v(l)?
5
Let b be 2/(-8) - (-34)/8. Let w(r) = 2*r**2 - 3*r**2 + 4*r**3 - 3*r**3. Let t(k) = 3*k**3 - 5*k**2 - 3*k - 4. Let q(o) = -t(o) + 2*w(o). Calculate q(b).
0
Let a(l) = 6*l - 3. Let s(d) = 7*d - 3. Let t(g) = -4*a(g) + 3*s(g). Suppose 2*x - 5*x + 6 = 0. Suppose 0 = h - 1 - x. What is t(h)?
-6
Suppose -3*h = -0 - 3. Let j(q) be the first derivative of -q**4/8 + q**2/2 + 2. Let o(k) be the second derivative of j(k). What is o(h)?
-3
Let k(n) = 2*n + 2*n + 2*n**2 + 2 + 0*n**2. Let r be (-5 - (-10)/5) + (-1 - -2). Give k(r).
2
Let r(y) = -y**2 + y + 1. Suppose 4*q = 2*c + 14 + 2, -2*c + 19 = 3*q. Let a be c/8 - (-55)/20. What is r(a)?
-5
Let w(m) = 5649 + m - 5649 - 12*m**2. Calculate w(1).
-11
Let i(d) = 5*d + 6. Let l(t) = -9*t - 11. Suppose -2*w - 5*f = -7, -f + 3*f = 5*w - 61. Let u(r) = w*i(r) + 6*l(r). Determine u(2).
2
Let g(p) = p. Let v(r) be the third derivative of -r**4/8 - r**3/2 - 8*r**2. Let k(c) = -2*g(c) - v(c). Calculate k(-4).
-1
Let v(g) = 8*g**2 + 3*g**3 - 5*g**2 - 4*g**3 + 2 + 2*g. Suppose -12 = 5*w - 8*w. Determine v(w).
-6
Let j(c) = c**3 - c**2 + c + 32. Let h be j(0). Let i = 24 - h. Let k(w) = w**2 + 9*w + 9. Give k(i).
1
Let t(l) = 9*l**3 + l**2 - 1. Suppose 7*r = 3*r - 4. Give t(r).
-9
Suppose -3 = -5*o + 7. Suppose -3*i = o*i. Let m(w) = w - 3. Determine m(i).
-3
Let y(u) be the first derivative of -u - 3 - 2*u**3 + 1/2*u**2. Give y(1).
-6
Suppose -5*s - 9 - 15 = -2*t, -5*t = 5*s + 45. Let u(j) = -2*j + 6. What is u(s)?
18
Let t(m) = 3*m**2 - 8*m + 1. Let w(i) = -16*i**2 + 41*i - 4. Let p(h) = -11*t(h) - 2*w(h). Let f be (-3)/(-12) + 69/12. What is p(f)?
-3
Let k = -26 + 26. Let h(t) = -t - 12. What is h(k)?
-12
Let w(c) = 6*c + 1. Let t(j) = -j. Let m(v) = 11*t(v) + 2*w(v). Give m(-2).
0
Let w = -16 - -19. Let j(x) be the second derivative of -7/2*x**2 + 0 + 3*x + 1/6*x**w. Calculate j(0).
-7
Let s(v) = v**3 - 13*v**2 + 14*v - 18. Let g be (-5 - 90/(-5)) + (-2)/2. Calculate s(g).
6
Let f(b) = -3*b**3 + b - 1. Let w = 5 + -11. Let n = w + 10. Suppose -2*x = n*j + x - 19, 5*j - x = 0. What is f(j)?
-3
Let y(a) be the second derivative of 0 + 2*a + 1/30*a**5 + 0*a**3 + 0*a**2 + 1/360*a**6 + 1/12*a**4. Let v(p) be the third derivative of y(p). Calculate v(-3).
-2
Let x = 120 - 75. Let g(r) = -44*r**2 + r + x*r**2 - 3*r - 4. Give g(3).
-1
Let w(c) = -c**3 + c**2. Let d be w(0). Suppose 5*a = g + 17, g + a = -d + 7. Let o be (g - (-15)/(-6))*-10. Let z(t) = t**3 + 4*t**2 - 7*t - 3. What is z(o)?
7
Let j be 4 + 3*(-6)/(-2). Let b be (j/(-2) + 4)*2. Let z(m) = m**2 + 5*m - 2. Give z(b).
-2
Let a be 10/(3 - 1) + 1. Suppose -a*o - 10 = -o. Let z(f) = -3*f - 1. Give z(o).
5
Let u(k) = -k**3 - 4*k**2 - 2*k + 3. Suppose 0*w + 3*w = 24. Suppose 4*y = -0*y - 4*s - w, -5*y - 17 = -2*s. What is u(y)?
0
Let i(r) = -2*r + 0 + 0 + r**3 - 1. Let k(b) = -2*b**3 + 7*b**2 - 2*b - 5. Let p be k(3). Give i(p).
-5
Suppose 2*g = 2 - 14. Let q(u) = -4*u - 1. Let n(h) = -3*h. Let a(l) = -3*n(l) + 2*q(l). What is a(g)?
-8
Suppose 4 - 4 = -v. Let k(q) = -q**3 - 1. Determine k(v).
-1
Let f(k) = -32*k**3 + 9*k**2 - 8*k**2 + 37*k**3. What is f(1)?
6
Let g(f) = -f + 7. Let t be 2*2/12*15. Suppose -5 = 4*c - t*c. Determine g(c).
2
Let x(l) = -l**2 + 6*l + 2. Suppose -3*p + 2*p = 5*o - 26, 0 = 3*p + o - 22. Determine x(p).
2
Let o(k) be the third derivative of k**8/6720 - k**7/840 - k**6/180 + k**5/40 - k**4/8 - 3*k**2. Let g(l) be the second derivative of o(l). What is g(3)?
-9
Let o = 19 + -14. Let w(v) = -2 - 2 + 2*v**2 - 5*v - v**2 + 2. Calculate w(o).
-2
Let z(i) = 3*i + 6. Let u be (-1 + 1)/(1*-2). Let y = u - 4. Calculate z(y).
-6
Let p(i) = 4*i - 3. Let o be p(2). Let f(l) = -l - 2. Determine f(o).
-7
Let b(w) = -w**2 + w + 4. Let g(n) = n**3 - 4*n**2 + n + 3. Let o be g(3). What is b(o)?
-8
Let p(w) be the first derivative of -w**3/3 + 5*w**2/2 - 16. Suppose -5*t = -2*t - 45. Suppose -2*x + t = x. Give p(x).
0
Let p(i) be the third derivative of i**3/3 + i**2. Let k(u) = -u + 3. Let h(l) = 1. Let j(t) = -3*h(t) + k(t). Let a(x) = 3*j(x) - p(x). Calculate a(-3).
7
Let j(s) = -s - 2. Suppose -2*o + 3*o = -12. Let t = -10 - o. Give j(t).
-4
Suppose 30 = 5*n - b, 0 = -n + 2*n + 2*b - 6. Let a(q) = 2*q - 3. Calculate a(n).
9
Let l(c) = -c**3 - c**2 - c + 1. Let o(g) = 4*g**3 - g**2 + 3*g + 2. Let i(u) = -3*l(u) - o(u). What is i(4)?
-5
Let d(i) = 5*i**2 + i - 1. Suppose 5*r - 4*b = 6, r + 0*r + 3 = 5*b. Suppose 2*s + 0*s - r = 0. Give d(s).
5
Let q(l) = -l**3 - l - 1. Let k(i) = 2*i**3 + 3*i**2 + 2*i + 1. Let o(z) = k(z) + 3*q(z). Determine o(2).
0
Let r(o) = -1. Let f(p) = -2*p + 3. Let u(w) = f(w) - 4*r(w). Let x be u(5). Let j(g) = 3*g + g**2 + 4 - 2 + 2*g. Calculate j(x).
-4
Let s(q) be the first derivative of 5*q**2/2 - 3*q + 4. What is s(2)?
7
Let u(p) = -p**2 + 6*p - 4. Let t be (-23 - -29) + -2*1. Give u(t).
4
Suppose 0*h + 2*h - 10 = 0. Let x = 96 + -45. Let o(r) = -26 + r + x - 37. Determine o(h).
-7
Let f(l) be the third derivative of -l**5/60 - l**4/8 - l**3/6 - 9*l**2. Calculate f(-2).
1
Let v(u) = u**2 + 4*u - 6. Suppose -4*y + 60 = 4*q, 4*y + q - 54 = -0*y. Let z = 8 - y. Determine v(z).
-1
Let z(j) be the first derivative of -j**2/2 + 7*j + 3. Suppose 0*w = 4*n + 5*w - 36, 5*n - 2*w = 12. Let g be 2 - (2 - 1*n). What is z(g)?
3
Let n(o) = -94 + 41 + 41 + 3*o. Give n(8).
12
Let k(q) = -3. Let u(m) = m - 3. Let p(g) = -4*k(g) + 3*u(g). Determine p(-2).
-3
Let f(s) = -s + 11. Suppose -4*h + h = 0. Give f(h).
11
Let j = -15 + 